)/(-2 + t + 0).
2
Let y be 2/(-7) - (-10)/(-14). Suppose 33 = 3*l - 2*l. List the prime factors of (y - 1)/((-6)/l).
11
Suppose -3*x = -i + 454, 4*x = -4*i + 358 + 1458. List the prime factors of i.
2, 227
Suppose 4*z + 9 + 23 = 0. Let u be ((-81)/(-12))/((-3)/z). Suppose 3*r = -g - 2*r + u, 0 = g + r - 6. What are the prime factors of g?
3
Suppose 14*a = 18*a - 40. Let k = 8 - 13. Let s = a - k. What are the prime factors of s?
3, 5
Let k be (0 + 0)/((-1)/(-1)). Suppose 3*s = v - s - 20, 5*s + 25 = k. List the prime factors of (14 - 2)/3 - v.
2
Suppose 2*s + 1 = 5. Let g(w) = -3*w - s*w**3 + 5*w**2 - 3 + 0*w**2 + 3*w**3. List the prime factors of g(-5).
2, 3
Suppose 0 = 3*a + 2*a + 2*f - 5, 2*a - 16 = 2*f. Suppose 0 = 3*n - 0*n - 2*h - 148, 272 = 5*n + a*h. List the prime factors of n.
2, 13
Let a be (-38)/(-12) - (-3)/(-18). Suppose 3*d + 0 = -a*s + 30, 0 = -2*d + 2*s + 32. List the prime factors of d.
13
Let q = 36 + -21. What are the prime factors of q?
3, 5
Suppose -16 = -c - 14. List the prime factors of (2 - -7)*4 + c.
2, 19
Suppose 55*s = 57*s - 8. What are the prime factors of s?
2
Let x be (1/(-2))/(3/24). Let v(u) = -u + 2. Let n be v(x). Suppose -w = -4*w + n. List the prime factors of w.
2
Let w be 4/14 + (-288)/(-21). List the prime factors of w/((12/9)/2).
3, 7
Suppose -2*n = -4*n - 3*m + 170, 438 = 5*n + m. List the prime factors of n.
2, 11
Let v(l) = 11 + 0*l**2 + 0*l**2 + l**2 - l - 2. List the prime factors of v(0).
3
Suppose -4*l + 141 = 3*r - 0*r, -3*l - 4*r = -97. List the prime factors of l.
3, 13
Let u = 4 - 0. Suppose 3*t + g - 1 - 23 = 0, -16 = -2*t - u*g. Suppose 85 = 5*q - 5*d - 0*d, -t = q + 4*d. List the prime factors of q.
2, 3
Let m(i) be the third derivative of i**4/24 + 7*i**3/6 - i**2. Suppose -5*a = -j, a - 11 = 2*j + 2*a. What are the prime factors of m(j)?
2
Let i be (-2)/(-4) + 41/(-2). Let d(h) = h**2 + 17*h + 34. Let k be d(-10). Let c = i - k. What are the prime factors of c?
2
Let n(k) = 3*k**3 + 9 + 4*k**3 - 2*k**2 - 6*k**2 - 6*k**3. What are the prime factors of n(8)?
3
Let y(z) = 4*z**2 - 4*z + 10. Let g(u) = 7*u**2 - 8*u + 20. Let w(f) = 3*g(f) - 5*y(f). What are the prime factors of w(6)?
2, 11
Let i = -105 + 144. List the prime factors of i.
3, 13
Suppose 3*i + c - 354 = -4*c, 5*i + 4*c = 603. Suppose 5*u = 42 + i. Suppose 0*o - o + 45 = 4*a, -u = -2*a + 3*o. List the prime factors of a.
2, 3
Let p(d) = 5*d**3 + 7*d**2 + 9*d - 3. Let o(m) = -m**3 + 1. Let g(b) = -4*o(b) - p(b). What are the prime factors of g(-6)?
17
Suppose 3*w - 16 = 4*w. Let s = w - -24. List the prime factors of s.
2
Let p be (2/(-5))/(7/(-105)). Let u(s) = 16*s - 8. Let j be u(p). What are the prime factors of ((-5)/(-20))/(2/j)?
11
Let b = 3 - -20. Suppose -9 = -b*l + 20*l. List the prime factors of l.
3
Let k(x) = x - 3. Let r be k(6). Let z(c) = -2*c**2 + 18*c - 7. Let h be z(8). What are the prime factors of (r - h)/(-1) - -2?
2
Suppose 3*p = -3*f + 204, -p + 57 - 349 = -4*f. List the prime factors of f.
2, 3
Let j(k) = k**2 + 7*k - 5. List the prime factors of j(-10).
5
Suppose -3 = o + 5. Let c = o - -10. List the prime factors of c.
2
Let r = 324 + 9. What are the prime factors of r?
3, 37
Suppose 0 = -l + 11*y - 12*y + 309, 2*l - 610 = -4*y. What are the prime factors of l?
313
Let l(t) = -t**2 + 8*t - 6. Let z be l(6). Let o be (-14)/z*(-9)/(-3). Let g(p) = -p + 9. What are the prime factors of g(o)?
2
Let l(f) be the first derivative of f**3/3 - 2*f**2 + 6*f - 2. What are the prime factors of l(4)?
2, 3
Suppose 6*c - 81 = 3*c. What are the prime factors of c?
3
Let g(t) = 30*t + 23. What are the prime factors of g(8)?
263
Let u be (-27)/45 + 62/(-5). List the prime factors of 13 + u + (0 - -8).
2
Let n be 4/2 - (-3 - -5). Suppose 0 = 2*m + 5*g - 79, 4*m + 4*g = -n*g + 128. List the prime factors of m.
3
List the prime factors of ((-150)/(3 + -4))/2.
3, 5
Let w be (-230)/(-14) - (-4)/7. Suppose -n - 25 = 4*g, 3*g + 2*n - 2 + 22 = 0. Let y = g + w. What are the prime factors of y?
11
Suppose 0 = 2*f - 49 + 1. Suppose 0 = -2*r + 30 + f. Let h = r - 14. List the prime factors of h.
13
Let m be ((-24)/20)/(4/(-10)). Suppose -1 = j + 3*s + 2, 3*j = 3*s + 51. Suppose o + j = m*o. What are the prime factors of o?
2, 3
Let m(p) = -p**2 + 5*p + 3. Let j be m(5). Suppose j = y - 1. Suppose -40 = -4*w + y*f, 2*w - 15 - 6 = f. What are the prime factors of w?
11
Suppose 2*r + g = -0*g + 4, 4*g - 4 = -5*r. Suppose -2*t + r*i = -38, 3*t - 2 = -4*i - i. What are the prime factors of t?
3
Suppose 1 + 27 = -4*p. Let b = 16 + p. List the prime factors of b.
3
Let v be (-5 + 7)/(6/63). Let y be (-3 + 2)/((-2)/10). What are the prime factors of (-6)/(-8)*(v - y)?
2, 3
What are the prime factors of ((-3)/(-1))/((-33)/(-253))?
23
Let j = -17 - -31. Suppose j + 28 = 2*b. Suppose -5*s - z + 2 = -19, 5*z - b = -4*s. What are the prime factors of s?
2
Suppose 4*j = 226 - 42. What are the prime factors of j?
2, 23
Suppose -w + 2*s = -8, -2*w - s + 1 = 5. Suppose -6 = -f - w*f. What are the prime factors of f?
2, 3
Let j = -2 + 4. Suppose 2*l = -l + j*w + 103, l = -w + 41. List the prime factors of l.
37
Let q be 6/15 + 6/(-15). What are the prime factors of q - 0 - 42/(-3)?
2, 7
Let x(b) = 2*b + 5. Suppose 0 = 3*n - 2*n - 5*u - 20, -3*n + 5*u + 30 = 0. What are the prime factors of x(n)?
3, 5
Suppose -5*m = 5*b - 160, 5*m - 125 = -0*b - 4*b. List the prime factors of b.
5, 7
Suppose -w + 18 = 2*w. List the prime factors of w.
2, 3
Suppose -k = -6*k + 5. Suppose 2*w = 5*u - k - 19, -13 = 2*u - 5*w. What are the prime factors of u?
2, 3
Let w(i) = i - 8. Let m be w(11). Let h(f) = 2*f**3 - f**m + 1 - 7*f**3. What are the prime factors of h(-1)?
7
Let s(f) = 22*f**2 - f. Let u be s(1). Suppose -4*z = -z + u. Let y = z + 14. What are the prime factors of y?
7
Let o(m) = -m**3 - m + 2. Let f be o(0). What are the prime factors of (-188)/(-16) + f/8?
2, 3
Suppose 476 = 4*w - 9*w - 3*v, 2*w + 179 = -5*v. Let k = 136 + w. What are the prime factors of k?
3, 13
Let t(c) be the third derivative of c**4/24 + c**3/6 - 2*c**2. List the prime factors of t(4).
5
Let q = 304 + -214. What are the prime factors of q?
2, 3, 5
What are the prime factors of (-499)/(-6) - 14/84 - 1?
2, 41
Let l(i) = -i**3 + 15*i**2 - 11*i + 17. What are the prime factors of l(14)?
59
Let d be 1*33 + 1 - 0. Suppose -105 = 7*v - 2*v - 5*z, 3*z + 105 = -4*v. Let c = d + v. What are the prime factors of c?
2, 5
Let p(c) = 3*c**2 - 2*c + 7. What are the prime factors of p(-3)?
2, 5
Let z = -9 + 7. What are the prime factors of ((-5)/z)/((-5)/(-60))?
2, 3, 5
Let v(k) = -2*k**2 + 2*k - 1. Let j be v(1). Let s be j/(6/(-3))*-2. List the prime factors of s*14*-1 + -2.
2, 3
Suppose 1447 = 8*v - 825. List the prime factors of v.
2, 71
Let y(m) = 2*m**2 - 3*m. Let o be y(2). Suppose -a + 5*x - 45 = -2*a, o*a - 90 = 2*x. List the prime factors of a.
3, 5
Let q(x) = -x + 7. Let a be q(7). Suppose -4*m + m + 12 = a. What are the prime factors of m?
2
Let p = 2 - -3. Suppose 33 = 3*x - 2*z + p, -32 = -3*x + z. List the prime factors of x.
2, 3
List the prime factors of (-4)/5 - 46951/(-145).
17, 19
Let j be (12/(-18))/(2/123). Let k = j - -68. List the prime factors of k.
3
Suppose -3*s + 219 = -5*y, 334 = 5*s + 2*y - 0*y. Let f = s - 47. What are the prime factors of f?
3, 7
Suppose -133 = -h + 22. What are the prime factors of h?
5, 31
Let r be -3 + (-24)/(-3) - -1. Let a = r - 4. List the prime factors of (6 - 32)*a/(-4).
13
Let u(w) = 2*w. Let x be u(3). What are the prime factors of (-8)/12 + 70/x?
11
Let s(i) = i**2 - i. List the prime factors of s(-6).
2, 3, 7
Suppose -r + 5 = 0, 14 = -2*c + r + 3*r. List the prime factors of 81/c + 9/(-3).
2, 3
Suppose o + 3*o - 312 = 0. What are the prime factors of o?
2, 3, 13
Suppose 4*s = 2*p - 52, 0 = 3*p - 0*s + s - 71. Suppose -p = -0*n - 3*n. What are the prime factors of n?
2
Suppose -2*y = 6*y - 448. List the prime factors of y.
2, 7
List the prime factors of (5 - 0)/(-5 + 168/33).
5, 11
Let g(r) = -2*r**3 - 8*r**2 + 4*r + 5. List the prime factors of g(-7).
271
Let c(a) = a + 21. Let q be c(0). Let d = 35 - q. What are the prime factors of d?
2, 7
Let o be -2 - (-4 - -3)*-40. Let q = 72 + o. List the prime factors of q.
2, 3, 5
Let c(s) 